What is b(v)?
3
Suppose -98*a + 25*a = 61*a + 1206. Let c(h) = 7*h + 47. What is c(a)?
-16
Let i(x) = -9*x**2 + 32*x - 63. Let r(y) = -2*y**2 + 7*y - 15. Let n(j) = -3*i(j) + 13*r(j). Give n(7).
8
Let s(i) = 4*i - 2. Let o(k) = -7*k + 5. Let q(w) = -3*o(w) - 5*s(w). Suppose 8*h = 2*h + 18. Suppose -2*n = -3*u + 13, -h*n + 9 = 3*u + 2*u. Determine q(u).
-2
Let p be (-360 - -369)*4/(-6). Let b(h) = h**3 + 8*h**2 + 15*h + 22. Determine b(p).
4
Let f be 2/(-5) - 8/5. Let n(u) = 2 + 130934*u**2 - 65477*u**2 - 65459*u**2 - 2*u. Determine n(f).
-2
Let n(t) = -3 + 0 - 4 + 2 + 6. Let y(f) = -4*f - 9. Let i(x) = -2*n(x) + y(x). Give i(-4).
5
Let z(w) be the third derivative of -w**5/60 - 5*w**4/24 + 986*w**2. What is z(-6)?
-6
Let l = 345 + -105. Let n(g) = -2 + 9 - 5*g**2 + l*g**3 + 4*g - 241*g**3. Give n(-5).
-13
Suppose 2*o + 7 = -11. Let z(s) = -s - 5. Let j be z(o). Let m(x) be the second derivative of -x**4/6 + 7*x**3/6 - 2*x**2 + 58*x. What is m(j)?
-8
Let p = 54 + -44. Let s(a) = -25 - a + p + 5 + 5. Calculate s(-5).
0
Let j be ((-1)/(-3))/((-18)/(-108)). Let b(a) = 10 - 85*a + j - 79*a + 167*a. Give b(-4).
0
Let k(h) be the second derivative of h**4/12 + h**3/3 + h**2 + 448*h. Suppose 5*d - 3*d + 4 = 0. Give k(d).
2
Let u(o) = -o - 16. Let j be (200/(-75))/((-2)/(-9)). Give u(j).
-4
Let b(x) = 2*x + 7. Let h(l) = -l**3 - 45*l**2 - 45*l - 50. Suppose y + 64 = 5*t, 5*y = -4*t - 97 - 107. Let r be h(y). What is b(r)?
-5
Let u(j) = -j**3 - 17*j**2 + 18*j - 9. Let q = -1799 + 1781. Calculate u(q).
-9
Suppose -39 = -b - 5*m, 112*b - m = 107*b + 39. Let f(z) = z**2 + z. Determine f(b).
90
Suppose 0 = 2*p, -28*v + 29*v - 3*p = 10. Suppose 0 = -v*c + 41 - 11. Let g(f) = f**3 - 4*f**2 + 7*f - 9. What is g(c)?
3
Let m(b) = -4*b - 2. Let y(t) be the third derivative of t**4/6 + 2*t**3/3 - 2*t**2 + 55. Let g(c) = 3*m(c) + 2*y(c). Calculate g(5).
-18
Let t(z) = -z**2 + 9*z - 2. Let y be (121 - -2)*(-4)/(-6). Suppose b = 2*i + 2*i - 28, -5*i - y = 2*b. Let s = b + 43. Give t(s).
12
Let b(j) = 2*j**3 + 25*j**2 + 11*j - 9. Suppose -18*s - 109 = -4*s + 59. Give b(s).
3
Let b = 8 + 2. Let r = 3 - b. Let d(v) = 3*v - 1. Let u(q) = q. Let p(k) = 3*d(k) - 7*u(k). Determine p(r).
-17
Let f(v) be the second derivative of -4*v**3/3 + 4*v**2 - 3*v - 799. Give f(1).
0
Let z(s) = s - 11. Suppose -527 = -3*u - 4*t, 5*u + 4*t = 7*u - 318. Let k = -150 + u. What is z(k)?
8
Let f(b) be the third derivative of -b**5/60 + b**4/8 + 31*b**3/6 + 64*b**2 + 5. Determine f(7).
3
Let z(x) = -1 + 7*x**2 + x**3 - 1 - x**2 + 8*x. Let j be 492/(-369) - ((-6)/7)/(117/(-364)). Calculate z(j).
-2
Let t(f) = -f**2 + 2*f - 1. Let h = 71 - 116. Let k = h - -44. Let l be 3*(-3)/9*(-2 - k). What is t(l)?
0
Let o(m) = -282*m - 146 + 799*m - 279*m - 262*m + m**2. Determine o(29).
-1
Let a(q) = 3*q + 92. Let d(n) = -4*n - 114. Let x(p) = -5*a(p) - 4*d(p). Let j(i) = i - 16. Let f be j(0). Let t be f/(-6)*6/4. Calculate x(t).
0
Let q(u) = -136*u + 53. Let v(t) = -41*t + 18. Let a(k) = -3*q(k) + 10*v(k). Calculate a(7).
7
Let m be ((-16)/4)/(-4) - -7. Suppose -8 + m = 30*u. Let s(y) = -y - 21. Calculate s(u).
-21
Let x(i) = -13*i - 25*i - 777 + 224 + 15*i. What is x(-24)?
-1
Let n(j) = -j**3 - 43*j**2 - 44*j + 87. Let o(y) = -2*y - 1. Let t(b) = -n(b) + 2*o(b). What is t(-42)?
-5
Let g(j) = 409*j - 7 - 207*j - 210*j + 12. What is g(-3)?
29
Let c(n) = n**3 - 12*n**2 + 25. Let t be c(12). Suppose 2*u = l + t - 10, 5*u - 5*l = 45. Let w(b) = b - 9. Calculate w(u).
-3
Suppose 31 + 263 = 25*k + 17*k. Suppose -2*v - 5 - 10 = -5*g, -3*v - 2*g = -6. Let b(y) = v*y + 5*y - 5 - 4*y. Determine b(k).
2
Let q(i) be the first derivative of i**4/4 - 7*i**3/3 - 5*i**2/2 - 6*i - 3266. Give q(7).
-41
Let w(i) = -i + 12. Let h = 83 + -74. Suppose -17*b = -16*b - h. What is w(b)?
3
Let x(b) = -5*b**3 - 3*b**2 - 2*b + 1. Suppose 2212 - 2225 = 13*s. What is x(s)?
5
Let q(n) be the first derivative of n**4/4 - 14*n**3 + 79*n**2/2 + 42*n - 1558. Calculate q(40).
2
Let o(f) = f**2 - 17*f + 43. Suppose 4*d - 4*w - 52 = 0, 4*d + 281*w = 286*w + 51. Determine o(d).
1
Let y(b) = -2*b + 9. Let j(v) be the first derivative of v**2/2 - 5*v - 8. Let r(x) = 5*j(x) + 3*y(x). Suppose 56 = 3*u + 44. What is r(u)?
-2
Let r(y) = 3*y + 8. Suppose l + 6 = o, -20*l - 15 = -16*l + 5*o. Let k(p) = -p - 5. Let b(a) = l*r(a) - 8*k(a). Give b(1).
-7
Let x(b) be the third derivative of 1/120*b**6 - 5/6*b**3 + 0*b - 1/20*b**5 + 0 - 1/8*b**4 - 8*b**2. Give x(4).
-1
Let x = -2705 + 2700. Let b be (-3)/(-3)*-2*-1. Let m(w) = w**b - 3*w - 1 + 7*w - 2 + 1. Determine m(x).
3
Let d = -4843 + 4841. Let h(u) be the third derivative of u**6/40 - u**4/24 + u**3/6 - 4*u**2. Determine h(d).
-21
Let t(r) = r - 33. Let o = -3014 - -3037. Calculate t(o).
-10
Suppose 0 = -15*u + 3*u + 24. Suppose -w = -0*w - 5. Let f(n) = -20 - w*n + 27 - n**3 - 2*n**u - 4*n**2. Calculate f(-5).
7
Let h(c) = c + 9. Let l = -43 - -47. Let i be (-2 + l)/(3/75). Suppose 3*t + 32 = -4*y, -5*t = -0*t + 5*y + i. What is h(t)?
1
Let s(x) = 3 - 27 + 45*x - 41*x + 33 + 3*x**2. Calculate s(0).
9
Let c(v) = -13*v**2 + v + 2. Let i = 519 + -241. Let d = 280 - i. Determine c(d).
-48
Let b be (-3)/(22/(-4) + (-155)/(-31)). Let o(h) = -3*h**2 + 26*h - 67. Give o(b).
-19
Let i(t) be the third derivative of 11*t**5/60 - 5*t**4/24 + t**3/6 + 405*t**2. Determine i(1).
7
Suppose -3*o = 15 - 9. Let p be (o + 1)*-2*(-15)/(-6). Let z(n) = -5*n - 2*n - 7 + n**2 + 3*n. Give z(p).
-2
Let g = 9 + -6. Suppose 4*i = -4*v, 2*i - g*v = -2*v + 3. Let y be 4/i + 0 - -1. Let x(n) = -n + 6. Calculate x(y).
1
Let q = -1529 + 1527. Let n(m) = -2*m**2 + m + 2. Determine n(q).
-8
Suppose -10*o = -315 - 15. Let u(p) = 8 - o*p + 57*p - 9 - 25*p. Calculate u(0).
-1
Let t(p) = -5*p - 64. Let m = -4907 + 4897. What is t(m)?
-14
Let x = -19 - -13. Let d(y) be the third derivative of y**4/24 + 5*y**3/3 + 1763*y**2. What is d(x)?
4
Suppose -8*w + 3*w - 30 = 2*a, -17 = a + 3*w. Let f(n) = 2*n + 1. Let d(m) = 12*m - 7. Let u(s) = a*f(s) + d(s). Give u(9).
6
Let j = 26 - 21. Suppose n + z = 4*z, 0 = j*n + z. Let p(i) = -13*i + 10. Let h(l) = -7*l + 1. Let a(r) = -2*h(r) + p(r). Give a(n).
8
Let m(s) be the third derivative of s**6/120 + 2*s**5/15 + 5*s**4/6 + 8*s**3/3 - 3885*s**2. Calculate m(-5).
-9
Let z(u) be the second derivative of -u**5/2 + u**4/6 + 5*u**3/6 + 3*u**2 - 35*u. Let n(o) = 3*o**3 - 2*o - 2. Let d(b) = 7*n(b) + 2*z(b). Determine d(-5).
-7
Suppose -168*x + 1220 = -628. Let t(g) = -g**3 + 6*g**2 + 59*g - 42. What is t(x)?
2
Let r(a) = a**3 + 2*a**2 + 73. Suppose -78*q - 18 = -4*y - 81*q, -2*y + q - 6 = 0. Calculate r(y).
73
Let h(q) = 2*q**2 - 7*q. Suppose -8025*u + 7969*u - 280 = 0. Determine h(u).
85
Let l(w) = 7*w + 1. Let b be (63/18 + 7)/(9/(-24)). Let j = 29 + b. Give l(j).
8
Suppose -28*s - 168 = -4*s. Let t(i) = -i**2 - 6*i + 9. Let k(p) = 2*p - 2. Let q(d) = s*k(d) - 2*t(d). Determine q(3).
8
Let i be (1 - 5)/(-1 - (-13)/14). Let f = i + -38. Suppose m = -5*m + f. Let z(a) = -a**3 + 2*a**2 + 4*a + 1. Calculate z(m).
4
Let v(a) = -a**2 - 9*a - 2. Let y = 18 - 13. Suppose 5*p + y*o + 94 = -56, p = -5*o - 26. Let f = -39 - p. Calculate v(f).
6
Let g = 41472 + -41482. Let q(f) be the third derivative of 1/60*f**5 + 0*f - 1/6*f**3 + 3/8*f**4 - f**2 + 0. Determine q(g).
9
Let h(d) = d**2 + 5*d - 1. Let b(z) = 2*z. Let v(t) = 3*b(t) - h(t). Let m be ((-1)/(-3)*9 - 4) + 3. Give v(m).
-1
Let g be 2/43 - (-22272)/(-5504). Let v(u) = -3*u - 2. What is v(g)?
10
Let q(s) = -54*s**3 - 2*s + 15*s**3 + 5 + 3*s - 2*s**2 + s**2 + 40*s**3. Determine q(0).
5
Let d = -14 + 24. Suppose 5*h - 24 = 3*v, -2 = -3*h + 3*v + d. Let g(o) = 2*o - o - o - 6 + 2*o. What is g(h)?
6
Let h(s) = -30922*s + 61849*s - 1 - 30924*s. Give h(-1).
-4
Let m(j) = 16*j - 159. Let o be m(9). Let w(x) = -x**3 - 14*x**2 + 17*x + 23. What is w(o)?
-7
Let j(z) = 3*z. Let t be (-6*(-69)/(-12))/((-1)/4). Suppose -8*c = 94 + t. Let h be c/(-87) + (-1 - (-8)/(-6)). Determine j(h).
-6
Suppose -13*q = -31*q + 360. Suppose 0 = -t - b + 9, -4*t + 22*b + 24 = q*b. Let k(u) = -u**3 + 6*u**2 + 5*u + 1. Calculate k(t).
-13
Let k = -290 - -260. Let t be 6/10 + 18/k. Let w(m) = -m**3 - m**2 + 16. Calculate w(t).
16
Let r(p) be the third derivative of p**4/24 + 5*p**